te the greatest common divisor of u and 26.
13
Let z be -3*(4 + -5) - 0. Suppose 17 = z*t + 23. Let a be (-1 - -39)*t/(-4). Calculate the greatest common divisor of 19 and a.
19
Let w(y) = -y**3 + 4*y**2 + 13*y - 4. Let c be w(6). Suppose 5*q + 7*m = c*m + 40, -4*q + 14 = -5*m. Calculate the greatest common factor of q and 48.
6
Suppose -3 = -4*d + d. Suppose -d + 2 = -s. Let v be (s/3)/((-3)/108). What is the highest common divisor of v and 96?
12
Let h be (-1 - -2)/((-6)/210 - 0). Let l = -5 - h. Calculate the highest common factor of 6 and l.
6
Let d(v) = 48*v - 495. Let n be d(23). What is the highest common divisor of 63 and n?
21
Let x = 9 - 5. Let g be -2 - (-25 + x + -2). Suppose 7*o - 12*o - 83 = -3*j, 2*j = 5*o + 62. What is the greatest common divisor of j and g?
21
Let a be (-2)/(-10) - 2658/15. Let d be 2/8 - a/12. Let o be (4 - 3)/(2/10). What is the highest common factor of d and o?
5
Let j(g) = 20*g**2 - 2*g - 1. Let t be j(-1). Let w(u) = u**2 - 16*u + 81. Let q be w(13). What is the greatest common divisor of t and q?
21
Suppose -17*m = -2*o - 18*m + 129, 0 = -2*o + 5*m + 135. Calculate the highest common factor of 1235 and o.
65
Suppose v - 2*r = r - 10, v - 6 = -5*r. Let l(u) = -5*u + 1. Let o be l(v). Calculate the highest common divisor of 14 and o.
7
Let p = -24 + 52. Suppose -6*x + 7*x - 5*f = -13, -x + 11 = f. Calculate the highest common factor of p and x.
7
Let x(w) = -2*w**2 + 30*w + 32. Let s be x(8). What is the highest common divisor of 120 and s?
24
Let u be (-286)/6*(5 + (-12)/6). Let v = u - -144. Calculate the greatest common divisor of 1 and v.
1
Suppose 0 = 3*y + 41 - 8. Let x(k) = -2*k**3 + 2*k. Let w be x(-2). Let o = y + w. Calculate the greatest common divisor of 7 and o.
1
Let k(a) = 74*a**2 + 7*a + 8. Suppose -5*r + 14 = 24. Let j be k(r). What is the highest common divisor of 58 and j?
58
Let u(r) = -2*r**2 + 2*r - 4. Let t(a) = 2*a**2 - 2*a + 5. Let o(d) = -4*t(d) - 5*u(d). Let f be o(7). Calculate the greatest common divisor of 21 and f.
21
Let c = 19 - -29. Calculate the greatest common divisor of 216 and c.
24
Let i = -5 - -8. Suppose -24 = 56*w - 59*w. Suppose i*z + 345 = w*z. Calculate the highest common factor of 23 and z.
23
Let d(f) = 2 - 1 - 7*f + 5*f - 4*f. Let z be ((-4)/(-5))/(-5 + (-69)/(-15)). Let g be d(z). What is the highest common divisor of g and 39?
13
Let p(a) = 85*a - 3. Let o be p(1). Suppose j - o = -26. Calculate the greatest common divisor of j and 8.
8
Let z(t) = -t**3 + 5*t + 2. Let j be z(-2). Suppose 5*g - 2*g + 5*o - 13 = j, 3*g - 3*o - 21 = 0. What is the highest common factor of g and 4?
2
Let j be (6 - 6) + (48 - 8/(-4)). What is the highest common divisor of j and 40?
10
Let r be (21 + -18)/(6/8). Let k(d) = 14*d - 6. Let t be k(r). Calculate the greatest common divisor of 30 and t.
10
Let u = -25 + 16. Let g = -4 - u. What is the highest common factor of g and 1?
1
Let c(k) = -11*k - 2. Let x be c(-2). Suppose v - 76 = 62. Suppose -3*p = -6*p - 3*j + v, 4*p = 5*j + 220. Calculate the greatest common factor of x and p.
10
Suppose 63 = 3*u + 3*z, 2*u + u = -4*z + 65. Suppose 71*k = 62*k + 855. What is the highest common divisor of u and k?
19
Suppose m + l + 1 = 0, 3*m + 2 = -2*l + 3. What is the highest common divisor of 99 and m?
3
Let a(n) = -229*n - 10731. Let f be a(-47). Let t(x) = -4*x**3 - x**2 - 5*x - 2. Let v be t(-3). What is the greatest common factor of f and v?
16
Let j = -641 - -653. What is the highest common divisor of j and 36?
12
Let k(f) = 2*f**3 + 1. Suppose -w + 8 = q + 2*q, -5*q + 15 = 0. Let g be k(w). Let i = 4 + g. Calculate the greatest common divisor of i and 33.
3
Let c be (-1)/(2/((-36)/2)). Calculate the greatest common divisor of 225 and c.
9
Let r = -255 + 426. Suppose 0 = -11*a + 9*a + 38. What is the greatest common divisor of r and a?
19
Let o = 6 + -3. Let w be (-1 + -3)*(-11)/(-11). Let m be (4/10)/(w/(-240)). Calculate the greatest common divisor of m and o.
3
Suppose 0 = -5*g - 7 + 62. Let o be 3/12 + 1484/16. Let c = o - 49. What is the greatest common divisor of g and c?
11
Let u(i) = 20*i**2 + 9*i - 3. Let a be u(2). What is the highest common divisor of a and 38?
19
Let z = 2563 + -2453. What is the greatest common factor of 363 and z?
11
Let s(q) = -15 - 10 + 25*q - 4 + 2*q**2 - 3*q**2. Let m be s(20). Suppose 3*j + 20 = m. Calculate the highest common divisor of 85 and j.
17
Let v = -483 + 540. Calculate the greatest common factor of v and 1425.
57
Let a = -94 - -94. Suppose -35 = -5*f - 3*d, 2*d - 3*d = 5. Suppose -c = 4, a = 2*u + 3*u + 5*c + f. Calculate the greatest common factor of 14 and u.
2
Let d(j) = -6*j**2 - 266*j - 31. Let a be d(-44). What is the greatest common divisor of 38 and a?
19
Suppose 0 = 5*s - 4*a - 428, 4*s - 349 = a - 0*a. Suppose -8*d + 54 + 122 = 0. Calculate the highest common divisor of d and s.
22
Let s(h) = 2*h**2 + 65*h - 468. Let k be s(9). What is the greatest common factor of 31 and k?
31
Let t(o) = o**3 - 4*o**2 - 3*o - 7. Let k be t(5). Let s = -31 + 25. Let m be 23*-2*k/s. Calculate the greatest common factor of m and 23.
23
Suppose 0 = -0*a - 4*a + 44. Suppose -3*r + 605 = 5*t, -363 = -3*t - 3*r + 4*r. What is the highest common factor of t and a?
11
Let a be 89 - (-62 + 8)/9. Calculate the greatest common factor of a and 133.
19
Suppose 3*l + 576 = 2*x, 5*x - 5*l + l - 1454 = 0. Calculate the greatest common divisor of 6 and x.
6
Suppose 0 = 26*i - 8*i - 108. What is the highest common factor of i and 8?
2
Let w be (-1 - -3) + (5 - 3). Suppose -3*d - 92 = -w*d. Let b = d + -56. What is the greatest common divisor of 9 and b?
9
Suppose -81*i + 2009 = -2932. What is the greatest common factor of i and 366?
61
Let y(i) be the first derivative of 2*i**2 + 1/4*i**4 - 7/3*i**3 - 6 - 8*i. Let g be y(7). Calculate the greatest common divisor of g and 100.
20
Suppose 286 = 5*c + 896. Let m = -26 - c. What is the greatest common divisor of m and 6?
6
Let y(l) = -l**3 + 3*l**2 + 15*l - 21. Let u be y(5). Suppose -u*h - 65 = -165. What is the highest common factor of 25 and h?
25
Let g = -55 + 62. Let o be g/(63/258) + (-2)/3. Calculate the highest common factor of o and 14.
14
Suppose -62*x = -11*x - 17595. Calculate the greatest common divisor of x and 30.
15
Suppose -3*p + 0*p = -36. Suppose -3*b = -p - 12. Let w(z) = -z**3 + 9*z**2 - 6*z - 8. Let n be w(b). Calculate the greatest common factor of n and 20.
4
Let j = -55 + 31. Let g be 0 + (12/4 - j). Let a = -132 - -267. What is the greatest common divisor of g and a?
27
Suppose -19*c = -12*c. Suppose 3*n + 530 = 2*d - n, c = -d + 4*n + 265. What is the highest common factor of d and 106?
53
Let n be ((-4)/(-6))/((-5)/(-60)). Let x(d) = d**2 - 3*d - 98. Let r be x(13). Calculate the greatest common divisor of r and n.
8
Let o = 1 + 82. Let n = -74 + o. What is the greatest common factor of n and 72?
9
Suppose 344*b - 343*b - 56 = 0. What is the greatest common factor of b and 168?
56
Let o = 166 + -106. Calculate the greatest common divisor of 30 and o.
30
Let p(m) = -m + m**3 - 2 - 6*m + 5*m**2 + 9 + 2. Let z be p(-5). What is the greatest common factor of z and 4?
4
Let d(u) = -6*u**2 - 5*u + 13. Let a be d(5). Let r = -152 - a. Suppose -5*i + 39 = -11. Calculate the highest common divisor of i and r.
10
Suppose 27*u = 29*u. Suppose -h - 20 = -i - 3*h, u = -3*h - 12. Let y(j) = 5*j**2 - 2*j + 3. Let l be y(3). What is the greatest common factor of l and i?
14
Let v(i) = -2*i**3 + 51*i**2 + 28*i - 20. Let g be v(26). What is the highest common divisor of 176 and g?
16
Suppose 4*n = 5*w + 3269 - 694, -3*n + 3*w + 1929 = 0. Calculate the highest common factor of n and 10.
10
Let t = -1724 + 1837. Calculate the greatest common divisor of 1921 and t.
113
Let b be 361 + (-1 - (-1 + 1)). Suppose -67*u + 1040 = -42*u + 140. Calculate the highest common factor of u and b.
36
Suppose 578 = 8*s + 474. Calculate the highest common divisor of s and 299.
13
Suppose -110 + 638 = 22*y. What is the highest common divisor of 18 and y?
6
Suppose -4*y = -2*f + 42, -5*y = -0*f - 2*f + 40. Suppose 4*m - 103 = f. Let r = -2 + 6. Calculate the greatest common factor of m and r.
4
Let z(l) = -13*l**2 + 27*l + 16. Let o be z(-20). Let t be (o/9 - -6)*4/(-10)